rivative of j**4/4 + 5*j**3/3 - 2*j**2 + 3*j + 2689. Determine u(3).
63
Let z(a) be the third derivative of -a**4/8 - 2*a**3 - 3*a**2 - a. Let s(p) = p + 2. Let v(d) = -5*s(d) - z(d). What is v(5)?
-8
Let c be (-333)/(-222)*(-16)/(-6). Let k(h) = -2*h**2 + 13*h - 33. Determine k(c).
-13
Let w(s) be the second derivative of s**4/6 - 3*s**3/2 - 4*s**2 - 4009*s. What is w(7)?
27
Suppose 50*l + 3137 - 3187 = 0. Let m(r) be the second derivative of -r**3/6 + r**2 - r. Determine m(l).
1
Let v(j) = 16*j - 102. Let n be v(6). Let d(p) = -9*p**2 - 27*p - 15. Let x(u) = 5*u**2 + 14*u + 8. Let t(h) = n*d(h) - 11*x(h). Give t(7).
9
Let o(v) = v**3 - 11*v**2 + 18*v + 6. Let z be 649/(-44) + 26 + 9/(-4). Determine o(z).
6
Let v(f) = 114 - 235 + 120. Let b(d) = -d + 2. Let h(g) = b(g) + 4*v(g). Calculate h(-4).
2
Let a(w) = -w - 8. Let p be a(-6). Let f(s) = -s - 12 - 13 - 20 + 3 + 40. Determine f(p).
0
Suppose 0 = d - r + 7, 190*d - 182*d - 5*r + 53 = 0. Let f(b) = -5*b - 15. Calculate f(d).
15
Suppose -2*a + 1053 = 969. Let w(p) be the first derivative of -a - p**2 - p - 7/3*p**3. Give w(-1).
-6
Let m(k) = 11*k - 2. Suppose -1711*v + 4 = -1709*v. Determine m(v).
20
Let y be ((-11)/(-22))/(2/(-72)) + 8. Let l(b) = 0*b**2 - 6 + 9*b + b**3 + 11*b**2 + 0*b**3. What is l(y)?
4
Let l(k) be the third derivative of 0 - 1/24*k**4 + k**3 + 0*k + 55*k**2. Determine l(-6).
12
Suppose 0 = 147*w + 318*w + 650 - 2510. Let f(q) = -11*q + 57. Calculate f(w).
13
Let c(a) = 2 + 11*a + 82*a**2 - 18*a - 4 - 83*a**2 + 0. Let o(p) = -p**3 - 11*p**2 + 12*p - 5. Let v be o(-12). What is c(v)?
8
Suppose -30*h - 8 = -68. Let j(d) be the second derivative of -2/3*d**3 + 1/10*d**5 + d**2 + 0 - 3*d + 1/6*d**4. Give j(h).
18
Let a(u) be the first derivative of u**4/4 + 5*u**3/3 + 5*u**2/2 + 9*u - 40. Let j be (-594)/154 - (-2)/(-14). Calculate a(j).
5
Suppose 20 = -0*v + 5*v. Let h be v*6/(-4) + -1. Let y(o) be the second derivative of -o**5/20 - o**4/2 + 4*o**3/3 - 77532*o. Determine y(h).
-7
Let a be 2*-25*13/(-325). Let y(x) be the third derivative of 0 + 0*x**3 - 5*x**a - 1/6*x**4 + 0*x. What is y(-3)?
12
Let b(n) = -2. Let u(y) = y + 6. Let a(q) = 11*q**2 + 54*q - 4. Let c be a(-5). Let f(i) = c*u(i) + 3*b(i). Calculate f(5).
5
Let w(p) be the first derivative of -61*p**2 - 240*p + 199. Give w(-2).
4
Let a(d) = d**2 - 6*d + 3. Let f be (58/5)/(1/15*3). Let x = f - 53. Let k(b) = -4*b + 25. Let w be k(x). What is a(w)?
-2
Let x(b) = -2*b + 5. Suppose 18*i = 16*i + 62. Suppose -30*d + i*d = 4. Suppose -3*j = 8*q - 6*q + d, -5*j - 4*q - 4 = 0. Give x(j).
13
Let n(h) = -5*h**2 + 6*h - 8. Let z(t) = 6*t**2 - 6*t + 9. Let i be -4 - -9 - (-2)/(-2). Let s(v) = i*n(v) + 3*z(v). Let k = 18565 - 18560. What is s(k)?
-25
Let g(b) be the second derivative of -b**6/120 - b**5/10 + 7*b**4/24 + b**3/3 - 21*b**2 + 41*b. Let q(o) be the first derivative of g(o). Calculate q(-7).
2
Let r(g) = g. Suppose -2*p + 4 = -0. Let y be 14/21*(-9)/p. Calculate r(y).
-3
Let i(z) = -2*z**2 - 5*z + 2. Let x be (-1 + (-6)/(-14))/((-11)/77). Suppose -4*j = x*h, 0 + 8 = -3*j - h. Determine i(j).
-10
Let d(i) be the third derivative of 1/3*i**4 - 5*i + 2/3*i**3 - 1/120*i**6 + 0 - 4*i**2 - 3/20*i**5. Give d(-10).
24
Let d be ((-2)/(-5))/(11 - (-125246)/(-11385)). Let g = 421 + d. Let f(h) = -3*h + 7. Let s(r) = 4*r - 10. Let c(k) = 7*f(k) + 5*s(k). Calculate c(g).
-8
Let s(j) be the third derivative of 7*j**4/24 - j**3/2 + 13*j**2. Let t be -5 - 2 - (1*(-5 - -8) - 6). Determine s(t).
-31
Let l(c) = -3*c + 6. Let g(w) = w**2 + 2*w - 1. Let n(b) = 4*b - 12. Let y be n(2). Let d be g(y). What is l(d)?
-15
Let o(r) be the third derivative of r**5/40 + 7*r**4/8 + 82*r**3/3 - 123*r**2. Let x(c) be the first derivative of o(c). Give x(-7).
0
Let d(p) = -p**3 - 3*p**2 + 10*p + 2. Let w be d(-5). Let c(t) = -w + t - 4*t - 8*t + 10*t. What is c(2)?
-4
Let o(t) = -38*t**2 + 33*t - 126. Let f(a) = 6*a**2 - 4*a + 21. Let w(k) = 13*f(k) + 2*o(k). What is w(0)?
21
Let k(d) = 8*d**2 - 2*d - 2. Let g = -3810 + 3809. Calculate k(g).
8
Let h = 1147 - 1144. Let i(r) = -1049*r**3 + 3*r - 1062*r**h + 2 + 2110*r**3 - r**2. Suppose 2*n + 2 = -2. Determine i(n).
0
Let x(z) be the second derivative of -z**7/2520 + z**6/240 + 3*z**4/2 - z**2/2 + 24*z. Let y(k) be the third derivative of x(k). Let t = 4 + -7. What is y(t)?
-18
Let q(f) = -24*f - 29. Let u(m) = -41*m - 57. Let b(i) = -7*q(i) + 4*u(i). Give b(4).
-9
Let c(a) be the second derivative of a**5/20 - a**4/2 + a**3 + 3*a**2/2 + 7*a. Let q be c(4). Let w(b) = -8 + 0 + 2*b - b + 9. Give w(q).
-4
Let h(n) = -34*n + 127. Let v be h(4). Let c(o) = 0 - o**3 - 10*o**2 + 9 - 10*o - 10. What is c(v)?
8
Let r(a) = 52*a - 30. Let t(c) = 19*c - 10. Let v(d) = -4*r(d) + 11*t(d). Give v(-4).
6
Suppose 86*b + 20*b = -179*b - 855. Let u(r) = -14*r - 64. Determine u(b).
-22
Let m(l) = l**2 + 5*l + 7. Suppose 0 = 3*i - 6*i + 27. Let k(g) = -12*g**2 + 9*g**2 + 13*g**2 + g**3 + 16 - i*g. Let b be k(-11). Give m(b).
13
Let z(d) = d**2 - 10*d - 22. Let o be z(12). Suppose -o*w - 3*w + 15 = 0. Let y(m) = 10*m**3 - 5*m**2 - 4*m + w - 11*m**3 - 1. Give y(-4).
2
Let w be 3 - (-1)/((-2)/22). Let h = 3 + w. Let z(g) = -52*g + 21. Let l(f) = 30*f - 11. Let p(k) = -7*l(k) - 4*z(k). Calculate p(h).
3
Let o(q) = -56 + 519 + 413 + 172*q + 154. Give o(-6).
-2
Let m(v) = 13*v**2 - 2*v + 1. Let p(i) = -i**2 + 42*i - 150. Let q be p(4). Determine m(q).
49
Suppose 0*m = -4*m - 12. Let t(k) = 55 - 100*k - 51 + 28*k + 22*k + 22*k + 27*k. Give t(m).
7
Let b(z) = -4*z - 248. Let g(u) = -39*u - 2571. Let f(s) = 21*b(s) - 2*g(s). Determine f(-5).
-36
Let j(w) = 22*w**2 - 43*w - 163. Let n(k) = -35*k**2 + 71*k + 244. Let p(u) = -8*j(u) - 5*n(u). Calculate p(5).
4
Let x be (-12)/8*-2 + -8. Let d be 3*(-10)/75*x. Let a(j) = 3*j + d*j - 9 - 1 + j**2. What is a(-7)?
4
Suppose -s = 23 - 72. Let v = s + -44. Suppose -30 = 4*p - 5*w + 5, -19 = v*p + 2*w. Let j(d) = d**2 + 4*d + 4. Calculate j(p).
9
Let k(n) = n**2 + 3*n + 6. Let w(p) = p**3 + 5*p**2 + 14*p + 20. Let z be w(-3). Let g(b) = 3*b**2 + 8*b + 16. Let j(d) = z*g(d) + 11*k(d). Give j(3).
-4
Suppose 0*z - 8*z + 13848 = 0. Let r(t) = t - z + 1725 + 0*t. Determine r(0).
-6
Let f(a) = 2*a + 7. Let y(d) = -d**3 - 17*d**2 + 14*d - 28. Let k be y(-18). Suppose -k*w + 3*h = -40*w + 25, -3*w - 5*h + 3 = 0. What is f(w)?
-1
Let v(i) = -i**3 - 15*i**2 - 17*i. Let u = -1426 - -1412. Give v(u).
42
Let z(o) = o**3 + 12*o**2 - 64*o - 5. Let u = 9412 - 9428. What is z(u)?
-5
Let q(l) = 79*l - 7. Let y be q(-5). Let s = y - -408. Let k(c) = 0*c + 2 - c + 4. What is k(s)?
0
Suppose -12 = -4*r - 4. Suppose -n + 18 = 8*n. Let u(a) = -4 - 8*a**n - 59*a + a**r + a**3 + 64*a. Determine u(6).
-10
Let o be (-5 + 480/90)/((-2)/36). Let f(h) = h**2 + 19*h - 1. Determine f(o).
-79
Suppose -19*c + 69 - 31 = 0. Let y(w) = -43*w - 10. Give y(c).
-96
Let k(u) be the third derivative of 2*u**5/15 - 5*u**4/24 - 2*u**3/3 + 4693*u**2. Calculate k(-1).
9
Let w(h) = -7*h**3 + 22*h**2 + 5*h + 11. Suppose -55 = 72*p - 83*p. Let v(q) = 3*q**3 - 11*q**2 - 2*q - 5. Let z(i) = p*v(i) + 2*w(i). What is z(11)?
-3
Suppose 7*v - 100 = 2*v - 20*v. Let l(z) be the first derivative of z**3 + 15 + 3/2*z**2 + v*z. What is l(-3)?
22
Let p(z) be the second derivative of -3*z**5/20 - z**4/6 + 5*z**3/6 - 5*z**2/2 + 24*z - 41. Determine p(-3).
43
Let q(l) = 3*l**3 + 21*l**2 - 2*l. Let j(t) = -t**2 - 9*t - 15. Let a be j(-8). Let z be q(a). Let x(f) = -15*f - z*f - 8*f + 10 + 36*f. Determine x(9).
1
Let h(p) = 5*p - 44 + 8 + 28 + p**3 - 95*p**2 + 92*p**2. Give h(4).
28
Let d(a) be the third derivative of -a**6/120 + a**5/5 + 7*a**4/12 + 13*a**3/6 - 882*a**2. Determine d(13).
26
Let b(x) = x**2 + 22*x + 53. Suppose 0 = -103*i + 1268 - 3225. What is b(i)?
-4
Let v be 2*(-1)/2*9. Let y be 12/18 + (-309)/v. Suppose 3*a - y = -2*a. Let x(j) = -3*j + 2. Give x(a).
-19
Let m(u) = 71*u + 44. Let q(l) = -13*l - 9. Let f(p) = 4*m(p) + 22*q(p). What is f(-14)?
6
Let y(j) = 4*j - 48. Let f(b) = -b**3 + 17*b**2 - 36*b + 73. Let m be f(17). Let o = 552 + m. What is y(o)?
4
Let i(s) = -s**2 - 6*s. Let w(x) = -x**3 + 6*x**2 - 2*x. Let a be w(6). Let g be (1 + a/6)/(1/6). What is i(g)?
0
Let m(a) = a**2 - 12*a + 11. Let t = 138 + -134. Suppose t*w 